17, 47, 50777
List the prime factors of 307834142.
2, 7, 11, 1998923
List the prime factors of 184319326.
2, 92159663
List the prime factors of 130766877.
3, 71, 113, 1811
List the prime factors of 279104596.
2, 1949, 35801
What are the prime factors of 254789874?
2, 3, 19417
List the prime factors of 108576403.
13, 8352031
What are the prime factors of 2177441077?
7, 44437573
What are the prime factors of 346707882?
2, 3, 43, 447943
What are the prime factors of 121018317?
3, 7, 5762777
List the prime factors of 477897711.
3, 159299237
What are the prime factors of 1756216421?
15287, 114883
List the prime factors of 426798416.
2, 11, 2424991
List the prime factors of 120110425.
5, 4804417
What are the prime factors of 143965181?
143965181
What are the prime factors of 67091160?
2, 3, 5, 559093
List the prime factors of 54951308.
2, 383, 35869
What are the prime factors of 583371187?
7, 233, 357677
What are the prime factors of 710485577?
239, 743, 4001
List the prime factors of 82003319.
463, 177113
List the prime factors of 27145022.
2, 17, 798383
List the prime factors of 1552497915.
3, 5, 971, 106591
List the prime factors of 84100124.
2, 21025031
List the prime factors of 249730201.
7, 311, 114713
List the prime factors of 32848869.
3, 10949623
What are the prime factors of 39701773?
19, 2089567
List the prime factors of 92266504.
2, 11, 67, 15649
What are the prime factors of 759843641?
73, 89, 116953
List the prime factors of 189978467.
7, 27139781
What are the prime factors of 94461960?
2, 3, 5, 31, 67, 379
List the prime factors of 49830664.
2, 13, 36857
What are the prime factors of 42784646?
2, 23, 930101
What are the prime factors of 121477879?
121477879
What are the prime factors of 48020363?
48020363
List the prime factors of 525737528.
2, 53, 61, 20327
List the prime factors of 61942607.
61942607
What are the prime factors of 7688568228?
2, 3, 11, 277, 210277
List the prime factors of 1216831910.
2, 5, 7, 1873, 9281
What are the prime factors of 363951575?
5, 13, 337, 3323
List the prime factors of 36468325.
5, 563, 2591
What are the prime factors of 1371462390?
2, 3, 5, 61, 249811
What are the prime factors of 4254909830?
2, 5, 109, 239, 16333
List the prime factors of 18713624.
2, 467, 5009
What are the prime factors of 1305537376?
2, 11, 13, 285301
List the prime factors of 480211886.
2, 7, 11, 17, 31, 61, 97
List the prime factors of 111002232.
2, 3, 11, 23, 101, 181
List the prime factors of 10045477.
13, 449, 1721
List the prime factors of 1289065579.
17, 75827387
What are the prime factors of 481167084?
2, 3, 23, 1743359
What are the prime factors of 1182776310?
2, 3, 5, 29, 151057
What are the prime factors of 55194447?
3, 7, 11, 61, 3917
List the prime factors of 688430604.
2, 3, 181, 316957
What are the prime factors of 192877252?
2, 193, 433, 577
List the prime factors of 4894444275.
3, 5, 7, 23, 397, 1021
List the prime factors of 79031582.
2, 7, 5645113
List the prime factors of 5213874347.
11, 17, 23, 41, 29567
What are the prime factors of 3218785?
5, 71, 9067
List the prime factors of 332864159.
73, 1319, 3457
List the prime factors of 361412247.
3, 7, 53, 443, 733
What are the prime factors of 37342077?
3, 239, 52081
What are the prime factors of 279271410?
2, 3, 5, 11, 17, 67, 743
What are the prime factors of 117449871?
3, 7, 11, 41, 12401
What are the prime factors of 540494795?
5, 53, 2039603
What are the prime factors of 159641844?
2, 3, 13303487
List the prime factors of 67281522.
2, 3, 7, 11, 137, 1063
What are the prime factors of 783021534?
2, 3, 130503589
What are the prime factors of 81586990?
2, 5, 73, 1531
What are the prime factors of 967292158?
2, 7, 29, 103, 23131
List the prime factors of 93438403.
93438403
List the prime factors of 29747081.
7, 13, 109, 2999
List the prime factors of 3656819510.
2, 5, 17, 21510703
What are the prime factors of 1567634715?
3, 5, 3870703
List the prime factors of 3740396145.
3, 5, 19, 97, 135301
List the prime factors of 2507695927.
11, 31, 73, 131, 769
List the prime factors of 11709747.
3, 7, 185869
List the prime factors of 58535149.
683, 85703
What are the prime factors of 828630974?
2, 414315487
List the prime factors of 35003048.
2, 59, 74159
What are the prime factors of 16853451?
3, 5617817
What are the prime factors of 417691610?
2, 5, 7, 251, 23773
What are the prime factors of 152886950?
2, 5, 17, 41, 107
List the prime factors of 943060988.
2, 235765247
List the prime factors of 148397247.
3, 73, 225871
List the prime factors of 81580018.
2, 13, 241361
What are the prime factors of 1196038329?
3, 29, 13747567
List the prime factors of 118308030.
2, 3, 5, 79, 49919
List the prime factors of 144854080.
2, 5, 7, 64667
What are the prime factors of 87489134?
2, 313, 139759
What are the prime factors of 1012310305?
5, 17, 2371, 5023
List the prime factors of 1898742761.
1898742761
List the prime factors of 32020611.
3, 7, 29, 52579
List the prime factors of 1435431523.
211, 6802993
List the prime factors of 1199021810.
2, 5, 7, 17128883
What are the prime factors of 75833478?
2, 3, 7, 127, 677
List the prime factors of 45179547.
3, 7, 79, 113, 241
List the prime factors of 1457143391.
11, 132467581
What are the prime factors of 49741611?
3, 16580537
List the prime factors of 203306102.
2, 101653051
List the prime factors of 4700318265.
3, 5, 104451517
List the prime factors of 141341438.
2, 7, 907, 11131
What are the prime factors of 390362504?
2, 7, 29, 240371
What are the prime factors of 1499951563?
11, 136359233
List the prime factors of 330768379.
330768379
What are the prime factors of 110576644?
2, 27644161
List the prime factors of 296482999.
131, 2263229
What are the prime factors of 286057403?
173, 1653511
List the prime factors of 378942.
2, 3, 137, 461
What are the prime factors of 239351008?
2, 13, 457, 1259
What are the prime factors of 66212503?
7, 83, 113963
What are the prime factors of 58214528?
2, 17, 31, 863
What are the prime factors of 128416292?
2, 29, 199, 5563
What are the prime factors of 2033075805?
3, 5, 67, 1013, 1997
What are the prime factors of 7135402258?
2, 2221, 1606349
What are the prime factors of 1818254807?
223, 8153609
List the prime factors of 52788717.
3, 5865413
What are the prime factors of 664450311?
3, 7, 19, 31, 53719
What are the prime factors of 31555637?
19, 73, 22751
What are the prime factors of 3677426320?
2, 5, 67, 686087
What are the prime factors of 707186805?
3, 5, 13, 173, 20963
List the prime factors of 1687873230.
2, 3, 5, 18754147
What are the prime factors of 56009305?
5, 11, 17, 37, 1619
List the prime factors of 68370959.
1109, 61651
List the prime factors of 881764696.
2, 41, 809, 3323
What are the prime factors of 492900126?
2, 3, 82150021
List the prime factors of 8906624.
2, 149, 467
What are the prime factors of 230380590?
2, 3, 5, 11, 79, 8837
What are the prime factors of 300164528?
2, 18760283
What are the prime factors of 39985308?
2, 3, 11, 37, 2729
List the prime factors of 64510784.
2, 13, 17, 4561
List the prime factors of 2361227546.
2, 17, 19, 71, 51481
What are the prime factors of 272666713?
11, 991, 25013
What are the prime factors of 135962950?
2, 5, 79, 34421
What are the prime factors of 40262717?
11, 857, 4271
List the prime factors of 3108675.
3, 5, 181, 229
What are the prime factors of 305563267?
305563267
What are the prime factors of 76838253?
3, 25612751
What are the prime factors of 73453315?
5, 13, 86927
What are the prime factors of 101697244?
2, 11, 83, 27847
What are the prime factors of 6517735037?
11, 37, 173, 92567
List the prime factors of 309330898.
2, 8419, 18371
List the prime factors of 98770694.
2, 11, 23, 29, 53, 127
List the prime factors of 486690972.
2, 3, 40557581
What are the prime factors of 195678020?
2, 5, 23, 425387
What are the prime factors of 101296026?
2, 3, 13, 227, 1907
What are the prime factors of 167608530?
2, 3, 5, 1862317
List the prime factors of 2454423133.
20357, 120569
What are the prime factors of 95243761?
47, 2026463
What are the prime factors of 31972179?
3, 223, 47791
What are the prime factors of 886047148?
2, 7, 563, 56207
List the prime factors of 426124306.
2, 213062153
What are the prime factors of 258328026?
2, 